1
In base 3, what is 22000100 + 10?
22000110
In base 14, what is -62 + -1?
-63
In base 6, what is -1500 + 52?
-1404
In base 7, what is 2 - 1411?
-1406
In base 15, what is -231 - -b?
-225
In base 4, what is -130330 - -11?
-130313
In base 12, what is 5 + 68?
71
In base 13, what is 4 + 62a?
631
In base 16, what is -1b + -1?
-1c
In base 7, what is 230 + 52?
312
In base 13, what is -36 + -1?
-37
In base 14, what is 5 - 96?
-91
In base 11, what is -5 - -62?
58
In base 14, what is -175 + 1?
-174
In base 9, what is 111 + 5?
116
In base 14, what is -1d - -33b?
31c
In base 13, what is -a3 - -4?
-9c
In base 2, what is -1011 - -1011010?
1001111
In base 13, what is 4 + b57?
b5b
In base 2, what is 11011 - 110101?
-11010
In base 13, what is -7c - -8?
-74
In base 12, what is -80 + 23?
-59
In base 5, what is 243 - 0?
243
In base 16, what is 1f - b?
14
In base 2, what is 100 - 11110?
-11010
In base 11, what is 547 + -2?
545
In base 2, what is -10010111100 + 10?
-10010111010
In base 4, what is -11202 + 10?
-11132
In base 16, what is -294 - -5?
-28f
In base 11, what is -35 - -10?
-25
In base 6, what is 0 + -20513?
-20513
In base 7, what is -64 + 101?
4
In base 14, what is 62 - 3a?
26
In base 16, what is -5 + -3ba?
-3bf
In base 8, what is -176 - -4?
-172
In base 6, what is 120 - 10?
110
In base 9, what is -13 - 122?
-135
In base 13, what is -105 + 17?
-bb
In base 5, what is -1320 + -11?
-1331
In base 5, what is -4413 - -2?
-4411
In base 2, what is -1000101111 - 10101?
-1001000100
In base 14, what is 2d8 + 0?
2d8
In base 8, what is 3312 + -1?
3311
In base 5, what is -3 + -31?
-34
In base 14, what is 5 - 366?
-361
In base 10, what is 8 + 41?
49
In base 7, what is 46 - -3?
52
In base 9, what is 126 - -12?
138
In base 10, what is 5 - 9?
-4
In base 7, what is -361 - 24?
-415
In base 11, what is 20 - 82?
-62
In base 9, what is -2888 + 4?
-2884
In base 12, what is -1 + -1612?
-1613
In base 7, what is 36614 - 3?
36611
In base 3, what is -1000 - -211000?
210000
In base 5, what is -4 - 1412?
-1421
In base 14, what is -18d - a?
-199
In base 16, what is 4 - 8f?
-8b
In base 3, what is 22 - -100122?
100221
In base 16, what is -17 + 5?
-12
In base 2, what is 11000000010 - 101?
10111111101
In base 3, what is -2011 + 11?
-2000
In base 14, what is -3 - -23?
20
In base 13, what is -3 + 47?
44
In base 13, what is 1 - -158?
159
In base 12, what is 1 + -28a?
-289
In base 2, what is -101010101100001 - -100?
-101010101011101
In base 3, what is -100222 - 0?
-100222
In base 10, what is 17 + -22?
-5
In base 8, what is 3 + -5?
-2
In base 9, what is -274 - -1?
-273
In base 8, what is 41 + -372?
-331
In base 14, what is 5 - -10?
15
In base 10, what is 39 - 50?
-11
In base 13, what is -a - -1?
-9
In base 9, what is 7782 + 5?
7787
In base 5, what is 2340 - -1?
2341
In base 8, what is -26202 - 0?
-26202
In base 13, what is 8 - 814?
-809
In base 2, what is -101111001 + 0?
-101111001
In base 7, what is -145 - 530?
-1005
In base 3, what is -21121 + 210?
-20211
In base 5, what is 0 - 1124?
-1124
In base 13, what is 49 - -3?
4c
In base 14, what is a + -13b?
-131
In base 3, what is 120110212 + 1?
120110220
In base 16, what is -19 + -6?
-1f
In base 9, what is 1410 - 0?
1410
In base 2, what is 11 + -1011110?
-1011011
In base 4, what is 10 + 21202?
21212
In base 8, what is 72 - 4?
66
In base 16, what is 5 + 27d?
282
In base 11, what is 163 + -2a?
134
In base 13, what is 5 - 185a?
-1855
In base 4, what is 0 - -313000?
313000
In base 7, what is -5 + -131?
-136
In base 11, what is -51 + 2?
-4a
In base 4, what is 112232 - 10?
112222
In base 16, what is -5 - 50?
-55
In base 4, what is -2331 - -1300?
-1031
In base 6, what is -22 - 1120?
-1142
In base 5, what is 1 - -32402?
32403
In base 14, what is -563 - -4?
-55d
In base 10, what is 29 - 3?
26
In base 3, what is -220 + -12?
-1002
In base 9, what is 466 - 5?
461
In base 11, what is -20 - -6?
-15
In base 6, what is -320 - -3?
-313
In base 5, what is 4 + -43402?
-43343
In base 7, what is -1 + -301?
-302
In base 5, what is 23 + 0?
23
In base 12, what is -3a7 + -4?
-3ab
In base 16, what is -a3 + 1?
-a2
In base 10, what is 5 + 68?
73
In base 3, what is 21 + -200201?
-200110
In base 10, what is -145 - 14?
-159
In base 8, what is -2423 + 10?
-2413
In base 14, what is 386 - 4?
382
In base 14, what is 4d - 4c?
1
In base 11, what is -20 - 68?
-88
In base 8, what is 5730 + 0?
5730
In base 14, what is -71 + 0?
-71
In base 8, what is 24 + 0?
24
In base 6, what is 105424 - 5?
105415
In base 10, what is 138 + -107?
31
In base 9, what is -12 - -86?
74
In base 4, what is -11011 + -10?
-11021
In base 12, what is 195 - 37?
15a
In base 10, what is 4 + 565?
569
In base 4, what is 0 - -322?
322
In base 16, what is 1c + -1bc?
-1a0
In base 9, what is -203 + 0?
-203
In base 4, what is -3311 + 1?
-3310
In base 7, what is 30 - 1024?
-664
In base 11, what is 5 - 3a30?
-3a26
In base 6, what is 142 - -552?
1134
In base 16, what is -5 - -2c?
27
In base 11, what is -108 - 2?
-10a
In base 9, what is 12 + 4?
16
In base 13, what is -3 - -99c?
999
In base 16, what is a + 34?
3e
In base 6, what is -35 - -212?
133
In base 4, what is 12 + -200?
-122
In base 6, what is -1313 + 30?
-1243
In base 14, what is 1 - -60?
61
In base 5, what is 1 - -1310?
1311
In base 14, what is -33 + 40?
b
In base 5, what is -321 + -4?
-330
In base 4, what is 310 - 12?
232
In base 3, what is -200 - 101?
-1001
In base 2, what is 10000111100000 - 0?
10000111100000
In base 15, what is 73 + 0?
73
In base 14, what is -54 + -1?
-55
In base 9, what is -116 - 32?
-148
In base 2, what is -1100101000 - -111?
-1100100001
In base 12, what is 0 + b1?
b1
In base 15, what is -5 + -a6?
-ab
In base 16, what is -2 + -375?
-377
In base 16, what is -179 + -11?
-18a
In base 6, what is 11 + -344?
-333
In base 9, what is 22 - -14?
36
In base 6, what is -4 + -13035?
-13043
In base 7, what is 22 + -12?
10
In base 11, what is -4 - 131?
-135
In base 6, what is 24 - -41?
105
In base 12, what is -5 - 800?
-805
In base 2, what is -1 - 101110110001?
-101110110010
In base 4, what is 11103 + -10?
11033
In base 2, what is -1 + 1001001?
1001000
In base 10, what is 1654 - 5?
1649
In base 3, what is 2 - 202222?
-202220
In base 10, what is 877 - -5?
882
In base 9, what is -25 + 20?
-5
In base 11, what is -20 - -322?
302
In base 5, what is 2144 + -34?
2110
In base 6, what is 1 + 334?
335
In base 8, what is 4 - 20?
-14
In base 16, what is -386b - 4?
-386f
In base 3, what is 110 + -11?
22
In base 4, what is 3 - 223?
-220
In base 14, what is -2 - -219?
217
In base 3, what is -110 + 1202?
1022
In base 15, what is -cd2 + -3?
-cd5
In base 6, what is -305 - -34?
-231
In base 5, what is -2414 + -4?
-2423
In base 3, what is 10 + 122221?
200001
In base 13, what is -5 - 48?
-50
In base 5, what is -3 - -430?
422
In base 5, what is -314 + 0?
-314
In base 5, what is 10400 - 0?
10400
In base 16, what is -6d + d6?
69
In base 11, what is -3 - 116?
-119
In base 8, what is 630 + -2?
626
In base 2, what is 10 - 11111?
-11101
In base 10, what is -17 + 91?
74
In base 2, what is -100 - -110011?
101111
In base 13, what is 0 - -1292?
1292
In base 6, what is -3 + -15544?
-15551
In base 2, what is -10010011001 + 10000?
-10010001001
In base 4, what is 10 + -3303?
-3233
In base 11, what is 51 + 6?
57
In base 11, what is -46a1 - 0?
-46a1
In base 2, what is 111011100010 + -1?
111011100001
In base 5, what is -10 + 203243?
203233
In base 9, what is 246 - 1?
245
In base 9, what is -3 + 363?
360
In base 9, what is 131 + -3?
127
In base 6, what is 1010 - 0?
1010
In base 11, what is -5 + 79?
74
In base 13, what is -63c - 0?
-63c
In base 3, what is -112 - -2221?
2102
In base 7, what is 5 + 25544?
25552
In base 6, what is 0 - -15?
15
In base 15, what is -27b - -1?
-27a
In base 5, what is 132203 - 0?
132203
In base 8, what is -135 - -60?
-55
In base 10, what is 5 - -11?
16
In base 11, what is -1740a - -5?
-17405
In base 16, what is 3 - 10?
-d
In base 3, what is -2 + 100100?
100021
In base 9, what is -477 + -3?
-481
In base 11, what is 242 - -4?
246
In base 3, what is 10 - 212001?
-211221
In base 9, what is 25 - -51?
76
In base 16, what is -4d - 7b?
-c8
In base 16, what is 24 + 3?
27
In base 10, what is -12 + -9?
-21
In base 11, what is 1 + 107?
108
In base 7, what is 230 + -4?
223
In base 3, wha